0*d + 15. Let t be i(6). Let j(f) = -f**3 - 8*f**2 + 4*f - 12. What are the prime factors of j(t)?
3, 11
Let f = 6 - 0. List the prime factors of 2 - f/((-2)/1).
5
Let z(a) = -a**3 + 6*a**2 + a + 1. Let j be z(6). Let l = 12 - j. List the prime factors of l.
5
Suppose -4*q - 5 = q, o - 13 = q. List the prime factors of o.
2, 3
Let f = -5 + 10. Let w(i) = 2*i**2 - 5*i - 7. List the prime factors of w(f).
2, 3
List the prime factors of 1/(10/4) + (-17080)/(-175).
2, 7
Suppose 2 = 2*z - 3*z, -t + 4*z = -4. Let x be t/(-10) + 114/15. Let n = 0 + x. What are the prime factors of n?
2
Let j(r) = -r**3 + 7*r**2 + 9*r - 2. List the prime factors of j(8).
2, 3
Let h = -26 - -56. Suppose h = 4*b - 30. What are the prime factors of b?
3, 5
Let b = 8 - 4. Suppose 2*i + 36 = b*r, -2*r - i - 32 = -6*r. Let w = -4 + r. List the prime factors of w.
3
Suppose -7*v = -782 - 72. List the prime factors of v.
2, 61
Let y = 7 + -5. List the prime factors of y - (4 + -2 - 5).
5
Let o(l) = -365*l**3 - l**2 + 1. What are the prime factors of o(-1)?
5, 73
Let j(g) = g**3 - 3*g**2 - 2*g + 4. Let o be j(3). List the prime factors of (o + 78/(-4))*-2.
43
What are the prime factors of 35 - (3 + 3 + -1 + -4)?
2, 17
Suppose 0 = 4*v + v - 295. What are the prime factors of v?
59
Let m = 4 + 1. Suppose 4*n + c = n + 6, 10 = m*n + c. Suppose 4*p = -3*j + 21, 3*j + n*j - 64 = 3*p. List the prime factors of j.
11
Let f(l) = l**3 - l**2 - l + 21. Let n be (-4)/18 + 4/18. List the prime factors of f(n).
3, 7
Let f be (-4)/14 + 46/14. Suppose 0 = 2*n, f*n + 11 = -5*c - 4. List the prime factors of ((-48)/20)/(c/10).
2
Suppose 4*j = 933 - 205. What are the prime factors of j?
2, 7, 13
Let a(m) = m**2 - 2*m + 5. What are the prime factors of a(-4)?
29
Let k(o) = o**3 - 6*o**2 - 5*o - 6. Let i be k(7). List the prime factors of (-477)/(-36) - 2/i.
13
Suppose 2*c = 3*s + 3*c + 2, 2*s + 4*c = -8. Let f be s + (2 - 0) + -11. What are the prime factors of f/(-15)*3*5?
3
What are the prime factors of (-2 - -2 - -98) + 0?
2, 7
Let a(v) = 2*v + 5. Let k(u) = 2*u + 4. Let d(z) = -3*a(z) + 4*k(z). Let n be d(2). Let j = n - -2. What are the prime factors of j?
7
Suppose -b - 3 = -2*b - 5*f, -f + 15 = 5*b. List the prime factors of b.
3
Let n = -33 - -58. What are the prime factors of n?
5
Let k(v) = 69*v**3 + 2*v**2 - 2*v + 1. Let z be k(1). Suppose -z - 1 = -2*r + 5*h, -4*h - 68 = -2*r. List the prime factors of r.
2, 7
Let h = -1 + 1. Let i = -6 - h. Let f(s) = s + 14. List the prime factors of f(i).
2
Let f(b) = -32*b**3 - b**2 + 1. List the prime factors of f(-1).
2
Let g(m) = -m**3 - 3*m**2 + 4*m + 4. Let q be g(-4). Suppose 32 = 6*y - 2*y - 5*r, -y = -q*r - 8. What are the prime factors of y?
2
Suppose 4*o - 3 = -23. Suppose 11 = -4*b - s, 0*s + 3 = 3*b - 3*s. Let a = b - o. What are the prime factors of a?
3
List the prime factors of (-3)/9*-3 + 14.
3, 5
What are the prime factors of 3/(190/(-294) + 2/3)?
3, 7
Suppose -2*w = 5*p - 0*w - 18, 3*p - 2*w = -2. Suppose n - 60 = -p*n. What are the prime factors of n?
2, 5
Let j = 7 + -3. Suppose -3*o - 74 = -5*t - 0*o, 67 = j*t - 5*o. What are the prime factors of t?
13
Suppose 3*o - 2*q = 18, 5*o = -2*q - 2*q + 30. Suppose o*g - 3 = 5*g. What are the prime factors of g?
3
Let y = -61 - -139. What are the prime factors of y?
2, 3, 13
Let y be (-2)/(-5) + 99/15. Let w(v) be the first derivative of -v**2/2 + 9*v + 1. What are the prime factors of w(y)?
2
Suppose -x + 2 + 15 = 0. Let i = -6 + x. List the prime factors of i.
11
Suppose 0 = 3*s + 2*s - 140. Suppose r = 3*r - s. What are the prime factors of r?
2, 7
Let v be 3*(-3 + 11/3). Let f be 2/(v/(-23))*-1. Let u = -13 + f. List the prime factors of u.
2, 5
Suppose -4*l - l + 140 = 0. What are the prime factors of (120/l)/((-1)/(-7))?
2, 3, 5
Let c(j) = j**3 + 5*j**2 + 5*j + 6. Let k be c(-4). Suppose -10 = k*d, 5*d + 1 = -6*r + 3*r. What are the prime factors of r?
2
Let s = -5 + 10. Suppose -2*i - s - 9 = 0. Let p = 19 + i. What are the prime factors of p?
2, 3
Let n(y) = -3*y + 5. Let i(s) = -4*s + 5. Let a(x) = -2*i(x) + 3*n(x). Suppose 0 = -r + 2*m - 5, 3*r + 2*r + m + 25 = 0. List the prime factors of a(r).
2, 5
Let b(p) = 70*p**2. Let k be b(-1). Suppose -4*j = -k + 10. What are the prime factors of j?
3, 5
Let g(v) = 2*v**2 + 6*v. Let a be g(-4). List the prime factors of (18/12)/(3/a).
2
Let k(g) = 15*g**3 + 3*g**2 - 7*g - 3. List the prime factors of k(3).
2, 3, 17
Let x = 45 - 16. List the prime factors of x.
29
Let a = -6 - -6. Let c = 5 - a. What are the prime factors of 12 - (c + 1)/(-2)?
3, 5
Suppose -8*p = -3*p - 185. List the prime factors of p.
37
Let p(r) be the first derivative of r**4/4 + 2*r**3 - 4*r**2 + 10*r + 6. Let k = 9 + -16. List the prime factors of p(k).
17
Suppose -2*q + 6*q = -56. Let p = -51 - -82. Let m = q + p. List the prime factors of m.
17
Let q(l) = 3*l**2 + l. Let u be q(-1). Let f be (-249)/(-12) + (-3)/4. Suppose -2*b + 2*d = -28, 2*d = u*b + 4*d - f. What are the prime factors of b?
2, 3
Let j(i) be the third derivative of i**5/30 + i**4/12 - 5*i**3/6 + 4*i**2. Let n be j(-5). Let x = 51 - n. List the prime factors of x.
2
Let s(l) be the second derivative of -l**4/24 - l**3/6 - l**2/2 - 2*l. Let d(z) be the first derivative of s(z). List the prime factors of d(-7).
2, 3
Let b be -1 + (-1 - -54)*1. Suppose 3*g + f = b, -2*f + 28 = 2*g + 2*f. Suppose 4*r - g = 22. What are the prime factors of r?
2, 5
Let t(d) be the third derivative of -d**5/60 + 3*d**4/8 + 2*d**3/3 + 3*d**2. What are the prime factors of t(5)?
2, 3
What are the prime factors of 472/10 + 9/(-45)?
47
Let s = 6 + -3. Suppose 0 = s*j - 0*j - 384. What are the prime factors of (-4)/10 + j/20?
2, 3
Let l = 1 - 1. Suppose 8 = 4*u - l. Let f = 13 - u. What are the prime factors of f?
11
Let k(d) = -d + 13. Let z be k(9). Suppose -o + 120 = z*l, l - 4*l = 3*o - 90. List the prime factors of l.
2, 3, 5
Let l(j) = -8*j + 7. List the prime factors of l(-10).
3, 29
Let y(v) = v**2 + 1. Let c(s) = 7*s**2 + 9*s + 13. Let b(u) = c(u) - 6*y(u). What are the prime factors of b(-9)?
7
Let f(q) = -16*q**3 - 3*q**2 - 2*q - 3. Let b(m) = -m**3 + m**2 + 1. Let c(z) = 2*b(z) + f(z). List the prime factors of c(-1).
2, 3
Suppose 23 = 3*t - 2*s, -t - 3*t + 5*s = -40. Suppose 3 = -t*w + 2*w. What are the prime factors of ((-33)/12)/(w/4)?
11
Let w = 191 + 50. What are the prime factors of w?
241
Let k(f) = -f**3 - 7*f**2 - 8*f - 7. Let z = -3 + 4. Let a = -7 + z. List the prime factors of k(a).
5
Suppose -6 = 3*y - 3. Let n = y + 5. Suppose i + 2*i = -2*h + 11, 3*h = -n*i + 14. List the prime factors of i.
5
Let z be (-5 + 4)*(-10 + -1). Let a = z - -2. What are the prime factors of a?
13
Let v(y) = 4*y**2 + 10 - 3*y**2 + 8 - 7 - 11*y. List the prime factors of v(12).
23
Suppose 0 = -3*r, 0 - 10 = -2*u + r. Suppose u*a + 4*k = -k + 45, 2*k - 33 = -5*a. Suppose x - a*x + 12 = 0. What are the prime factors of x?
3
Let o = 11 + -7. Suppose -4*d - 208 = -o*m, 5*m - d + 62 = 314. List the prime factors of m.
2, 5
What are the prime factors of (-2739)/(-18) + (-2)/12?
2, 19
Let c = 12 + -7. Suppose 0 = t - 2 + 7, 20 = c*j + 5*t. Let g = -5 + j. List the prime factors of g.
2
Let b(h) = -11*h**2 - 8*h + 45. Let n(t) = 7*t**2 + 5*t - 30. Let a(c) = -5*b(c) - 8*n(c). What are the prime factors of a(0)?
3, 5
Suppose 0 = -5*b - 3*c - 3, -3*b + 4*c + 0 = -4. Let k(d) = d**3. Let r be k(b). List the prime factors of 0/(-2) + (11 - r).
11
Let t(g) = 3416*g. Let p(i) = -67*i. Let n(d) = 305*p(d) + 6*t(d). List the prime factors of n(1).
61
Suppose w - 3*w = 6. Let x be ((-3)/2)/w*4. Suppose -x*v = a - 22 - 5, 2*a = 3*v - 44. List the prime factors of v.
2, 7
What are the prime factors of ((-122)/(-6))/(6/18)?
61
Suppose 54 = 2*i + i. Suppose c + 1 = -10. Let w = i + c. List the prime factors of w.
7
Let y = -8 - -11. Suppose -m + y = -0. What are the prime factors of m?
3
What are the prime factors of (-189)/14*(-80)/6?
2, 3, 5
Let s(f) = -f + 94. Let r be s(0). Let p = -66 + r. What are the prime factors of p?
2, 7
Suppose c + 3*r = 80, -2*c + r = -4*c + 165. What are the prime factors of c?
83
Suppose l + 0*l - 10 = 0. List the prime factors of l.
2, 5
Let m(u) = u**2 + 5*u - 3. Let f be m(-6). Let l(t) = -t + 5. Le